 t(c) be the third derivative of -c**5/20 + c**4/12 - c**3/6 - 4*c**2 - 3. Determine t(k).
-2
Let o(h) = h**3 + 6*h**2 + 2. Let d = 6 - 12. What is o(d)?
2
Let s(l) = 6*l**3 + 12*l**2 + 5*l - 1. Let o(c) = -7*c**3 - 13*c**2 - 5*c. Let d(k) = -5*o(k) - 6*s(k). Suppose 0 = -p + 6*p + 30. What is d(p)?
0
Let q = -8 - -6. Let n = -10 + 15. Let z(t) = t**2 + t. Let l(m) = 4*m**2 + 5*m - 1. Let v(i) = n*z(i) - l(i). Calculate v(q).
5
Let q(d) = -2*d**3 - 5*d**2 + d + 2. Let u(g) = 5*g**3 + 10*g**2 - g - 5. Let l(r) = -7*q(r) - 3*u(r). Suppose 2*a + 1 = 9. Give l(a).
1
Let l(t) = -6*t**2 - 2*t - 1. Let x(j) = -13*j**2 - 5*j - 2. Let o(d) = 5*l(d) - 2*x(d). Give o(1).
-5
Let q = 682 - 40919/60. Let o(f) be the third derivative of 0 - q*f**5 + 2*f**2 + 1/2*f**3 + 1/12*f**4 + 0*f. Give o(4).
-5
Suppose 2*c + t = 27, 2*t - 1 = c - 7. Suppose 0 = 2*p + p + c. Let y(b) = -2*b - 3. Determine y(p).
5
Let l(w) = -w + 10. Suppose 4*k = 5*k - 7. Give l(k).
3
Let r(q) = -4*q - 2*q**2 + 2 + 2*q + 0*q**2. Suppose 0 = 5*y - 18 - 27. Let p be (-14)/6 - (-3)/y. Determine r(p).
-2
Let l(f) = -3*f - 1. Let b(i) be the first derivative of -i**2/2 + 3. Let p be b(-4). Suppose 0 = 2*d - 2*w + 12, 0 = 2*d + p*w - 6 - 12. Calculate l(d).
2
Let r(p) = -p + 9. Let x be r(7). Let g(s) be the third derivative of -s**6/120 + s**4/12 - s**3/3 + s**2. Determine g(x).
-6
Let m(u) = -u**2 + 4*u - 3. Let r = -7 - -11. Let j(k) = -1 + 0 + k + 0*k. Let b be j(r). Determine m(b).
0
Let n = -4 + 9. Suppose -3*g + 5*m = 34, -3*g + n*m - 28 = -2*g. Let u(f) = f**3 + 4*f**2 + 4*f + 3. Determine u(g).
0
Let y(u) = -u - 1. Let m be y(2). Let k be 1*(2 - 2)/(-1). Let w(a) = 5 - a + k*a + 3*a - a. Calculate w(m).
2
Let c(b) be the first derivative of 1/3*b**3 + 2 + 3*b**2 + 4*b. Suppose 0 = -3*g + 2*m - 5, -2*g - 2*g - 5*m = 22. What is c(g)?
-5
Let h(r) = 6 - 1 - r - 4 - r**2 + 2*r. Give h(4).
-11
Let r(w) be the second derivative of -w**5/20 - w**4/2 - w**3/3 - 4*w**2 - 11*w. Determine r(-6).
4
Let w = 28 - 25. Let l(y) = -2*y**2 + 7*y**2 - 7*y + 3*y - y**3. What is l(w)?
6
Let l(j) = -2*j**3 + j**2 + 2*j + 1. Let g be l(-1). Let x(r) = r + 0 - 3 + 2 + g*r**2. What is x(1)?
2
Let m(k) be the second derivative of -k**4/12 + 15*k**2/2 + 11*k. Calculate m(0).
15
Let f(i) = -6*i**2 + i. Let u = 45 + -44. Calculate f(u).
-5
Suppose 14*o = 13*o - 4. Let z(i) = i**3 + 3*i**2 - 2*i + 1. Give z(o).
-7
Let m(i) = -45*i**3 - 9*i**2 - 2*i - 9. Let p(w) = -23*w**3 - 5*w**2 - w - 5. Let a(z) = 4*m(z) - 7*p(z). Give a(-1).
18
Let b(u) = 9 + 10 - 26 + 8 + 6*u. What is b(1)?
7
Let h(d) = d**3 - 5*d**2 + 3*d - 1. Suppose -11*a + 8*a + 9 = 0. What is h(a)?
-10
Let y(q) = -q**2 - 10*q - 9. Let u = 113 - 119. Calculate y(u).
15
Let n(w) = w**3 - 7*w**2 + 4*w + 3. Let z be (-1)/3*6 - (-9 + 1). What is n(z)?
-9
Let t(k) = -k**2 + k + 1. Let x(i) = 6*i**2 + 2*i - 4. Let o(u) = 4*t(u) + x(u). Let m = 1 + -5. Determine o(m).
8
Let y be 3/((-3)/4) + -1. Let w(j) be the first derivative of j**2/2 + 12*j - 16. Give w(y).
7
Let x(r) = 7*r + 14. Let o(a) = -4*a - 7. Suppose -g + 2 = 0, 0*n + 4*g = -4*n + 28. Let v(w) = n*o(w) + 3*x(w). Determine v(0).
7
Let z(p) be the second derivative of p**5/20 - p**4/6 + p**3/3 - p**2/2 + p. Let q be ((-15)/3)/(2/(-4)). Suppose 3*y = -2*y + q. What is z(y)?
3
Suppose 0 = 2*v - 4*v - 4. Suppose -5*w + 17 = 3*o, o + 6 - 5 = 0. Let x(a) = -4 + w - 3*a - 3 + 1. Give x(v).
4
Let s(y) = 5*y - 17. Let l = 20 + -16. Let o be s(l). Let h(n) be the second derivative of n**4/12 - n**3/6 - n**2 + n. Determine h(o).
4
Let g = -1 - 5. Let b(v) = 5*v**2 + 5*v**3 - 5*v - 4*v**3 + 8 + 0. Calculate b(g).
2
Let i(p) be the first derivative of -p**5/10 - p**4/24 + p**3/6 + 9*p**2/2 + 4. Let t(b) be the second derivative of i(b). Determine t(1).
-6
Suppose -4 = 2*k - 0. Let w(d) = 16*d - 7. Let m(s) = -8*s + 4. Let i(f) = -11*m(f) - 6*w(f). Give i(k).
14
Let l(y) = -7*y + 0*y**2 - 5*y**2 + 10 - 2 + 6*y**2. Give l(6).
2
Let r(z) = z - 2. Let a = 13 + -8. Suppose 0 = u, -5*u - 2 = -a*w + 4*w. Suppose -v - 9 = 2*c, -5*c - 24 - 3 = -w*v. Determine r(c).
-7
Let n(q) = -q + 4. Suppose 4*s + h - 18 = 0, -2*s - s - 3*h = -18. Suppose -s = 3*w - 2*w. Determine n(w).
8
Suppose -6*b - 9 = -3*b. Let x be (-2)/b*(-3)/(-1). Let c(q) = q**3 - 4*q**2 + 3*q. What is c(x)?
-2
Let d(m) be the second derivative of m**3/6 + 5*m**2/2 - 42*m. Calculate d(-4).
1
Let i(r) = -1 + 2 - 9*r + 2*r - 2. Let k(s) = 0 + 5*s + 0*s - 1 - s**2. Let f be k(5). What is i(f)?
6
Let j(o) = o**3 - 6*o**2 + 3*o + 7. Let v be j(5). Let r(y) = -y**3 - 5*y**2 - 2*y + 1. Give r(v).
-11
Let v be 6/(-9) - 5/15. Let f(s) = -s**2 + s - 1. Let p(z) = -5*z**2 - 2*z - 3. Let a(r) = v*p(r) + 4*f(r). Determine a(-6).
-1
Suppose 2*n = 6*n + 20. Let b = 7 + n. Let i(o) = -3 + 5*o + o**3 - 2*o - 2*o + 4*o**b. Calculate i(-3).
3
Let m(a) = a**2 + 3*a - 5. Suppose -3*u = s - 17, u - 23 = 3*s - 4. Suppose -2*p + 6 = 4*k, -4*p = 5*k - p - 6. Let q = k - u. Calculate m(q).
-1
Let f(l) = -l - 1. Suppose -2*z + 2 + 0 = 0. Let d be 0*2*z/(-2). Suppose 2*x - 3*g = -5, -x + 3*g - 10 = -d*x. Give f(x).
-6
Let m(t) = 3*t + 2. Let q be -3 - (-2 - 2 - -4). Calculate m(q).
-7
Let a(w) be the third derivative of w**5/60 + 7*w**4/24 + 7*w**3/6 - w**2. Give a(-6).
1
Let k(l) = 2*l + 1. Let h be (-9)/(-12) - (-13)/4. Let c = -2 - h. What is k(c)?
-11
Let p(m) be the second derivative of m**3/6 + 4*m. Let l = -10 - -16. Give p(l).
6
Let p(b) = 7*b + 4. Let n be p(-1). Let m(v) = v**2 + 3*v + 3. Calculate m(n).
3
Let y be ((-6)/4)/(3/(-6)). Let z(g) = g**3 - 3*g**2 + 3*g - 2. Determine z(y).
7
Let l(k) be the first derivative of -5*k + 0*k**2 + 2 + 1/3*k**3 - 1/4*k**4. Let t = 3 + -3. Calculate l(t).
-5
Let t = 16 + -9. Let x(s) = s**3 - 8*s**2 + 8*s - 8. Let i be x(t). Let v(p) = -p**2 + 1. Let c(l) = -l**2 - 3*l - 2. Let m(h) = i*v(h) - c(h). Calculate m(-2).
3
Let h = 120 + -125. Let n(f) = f. What is n(h)?
-5
Let a be (6/2 - 1)*8. Let m = -6 + a. Let w(n) = 3*n - m - n + 3. Calculate w(5).
3
Let k = 9 - 12. Let r(j) = -j**3 - 4*j**2 - 4*j - 2. Determine r(k).
1
Let q(x) = -x + 5. Let j(y) = -y**2 + 2. Let r be j(2). Let w(v) = -v. Let d(l) = r*w(l) + q(l). Calculate d(-5).
0
Let i(u) = u**3 - 5*u**2 - 6*u - 4. Let d be i(6). Let l(b) be the second derivative of -b**3/6 + 5*b**2/2 - 28*b. What is l(d)?
9
Suppose 3*p = 34 - 7. Let r(l) = 0*l**3 + l + 1 - 4*l**2 - 2*l**3 - p. Let t(q) = -q + 1. Let n(w) = -r(w) - 5*t(w). Give n(-2).
-5
Let c(g) = -g - 7. Suppose 2 = 5*j + 32. What is c(j)?
-1
Let v(f) = -f**3 - 2*f**2 - 3*f - 2. Let b = 5 - 4. Suppose 2*p + 3 = -i - b, 0 = 3*i + 2*p + 8. Calculate v(i).
4
Suppose -5*m = -3*i + 8, -2*i + m + 14 = 2*m. Let r be 28/i - 11/(-33). Let o(t) = -t**2 + 5*t + 2. Calculate o(r).
2
Let r(z) = z**2 + 5*z + 4. Let l(m) = m - 9. Let t be l(14). Let q = -8 + t. Calculate r(q).
-2
Let z(b) = b**3 - b - 2. Let o be z(2). Let k(q) = -2*q + 5*q - o*q + 6*q**2 - q**3. What is k(6)?
-6
Let s(a) = -a**2 + 8*a - 9. Let g = 1 - 4. Let j be 3/1 - (0 + g). Determine s(j).
3
Let l(g) be the third derivative of g**6/120 + g**5/30 - g**4/6 - g**3/2 + 3*g**2. Determine l(-3).
0
Let i(f) = -2*f**3 - 2*f + f**2 + 3*f**3 - 5*f**2 + 0*f**2 - 4. What is i(4)?
-12
Suppose -2*r - 2*w = -4 - 92, -w = -3. Suppose -5*d = -r - 10. Let g = d + -6. Let o(a) = a**3 - 6*a**2 + 5*a + 1. Calculate o(g).
1
Let t(w) be the third derivative of w**4/24 + 5*w**3/6 - 3*w**2. Let g be (-5)/(-1) - (-1 - -1). Suppose g*l = 2*l. What is t(l)?
5
Let t(u) = u + 3. Suppose 3*f + 1 + 11 = 0. Determine t(f).
-1
Let r = 6 - 2. Let o(z) be the first derivative of -z**3/3 + z**2 + 2*z - 10. What is o(r)?
-6
Let p(g) = g**2 + 8*g + 13. Let c(d) = -d**2 - 8*d - 12. Let a(f) = 3*c(f) + 2*p(f). Calculate a(-8).
-10
Suppose 2*l = a + 2, 0 = -4*l - a + 2*a + 6. Let j be (-12)/(-10)*30/9. Suppose l*p - j*p = 4. Let q(t) = -2*t - 1. What is q(p)?
3
Let w(g) = -g + 3. Let m(v) = v - 1. Let x be m(1). Give w(x).
3
Let f be (3 - 0)*(3 + -4). Let q = -1 - f. Suppose 2*x - 3 = 5*r - 25, -3*r - q*x + 10 = 0. Let u(i) = -i + 4. Calculate u(r).
0
Suppose l - 3*l + 6 = 0. Let k(q) = -2*q**2 + q - 6. Let w(b) = b + 1. Let t(n) = -k(n) - 4*w(n). Give t(l).
5
Suppose -3*r = -2*r. Suppose -2*c - i + 4 = r, c - 6